ghest common divisor of 8 and 1916?
4
Calculate the greatest common divisor of 62 and 1674.
62
What is the highest common divisor of 102 and 2992?
34
Calculate the greatest common divisor of 1323 and 147.
147
What is the greatest common divisor of 88 and 814?
22
What is the highest common divisor of 897 and 2898?
69
What is the highest common factor of 3798 and 90?
18
Calculate the greatest common divisor of 2262 and 696.
174
Calculate the highest common factor of 71 and 7.
1
Calculate the highest common divisor of 100 and 425.
25
What is the greatest common divisor of 637 and 91?
91
Calculate the greatest common divisor of 147 and 49686.
147
Calculate the greatest common factor of 112 and 32368.
112
Calculate the greatest common divisor of 30 and 6285.
15
What is the highest common factor of 5088 and 128?
32
Calculate the highest common factor of 704 and 1529.
11
What is the greatest common divisor of 51 and 68?
17
What is the greatest common factor of 300 and 140?
20
What is the greatest common divisor of 371 and 106?
53
What is the greatest common factor of 280 and 80?
40
What is the greatest common factor of 905 and 15?
5
Calculate the greatest common factor of 1116 and 31.
31
What is the greatest common factor of 64 and 1312?
32
Calculate the greatest common divisor of 273 and 189.
21
What is the greatest common factor of 445 and 534?
89
What is the greatest common factor of 36 and 132?
12
What is the highest common divisor of 128 and 32?
32
What is the highest common factor of 420 and 15372?
84
Calculate the greatest common factor of 63 and 225.
9
Calculate the highest common factor of 61950 and 35.
35
Calculate the highest common divisor of 1144 and 8.
8
Calculate the greatest common divisor of 89805 and 15.
15
Calculate the greatest common factor of 67 and 22579.
67
Calculate the greatest common factor of 16 and 512.
16
Calculate the greatest common factor of 255 and 18955.
85
What is the highest common factor of 24 and 132?
12
Calculate the highest common divisor of 6964 and 4.
4
What is the highest common factor of 305 and 1025?
5
What is the greatest common divisor of 3840 and 12?
12
Calculate the greatest common factor of 14 and 1827.
7
Calculate the greatest common divisor of 649 and 11.
11
What is the highest common divisor of 27 and 450?
9
Calculate the greatest common factor of 1122 and 264.
66
Calculate the greatest common factor of 1812 and 3.
3
Calculate the greatest common divisor of 441 and 63.
63
What is the greatest common divisor of 266 and 1900?
38
What is the greatest common factor of 5 and 615?
5
What is the highest common factor of 10857 and 1645?
329
What is the highest common divisor of 66 and 858?
66
What is the highest common factor of 430 and 10?
10
What is the greatest common divisor of 8 and 10?
2
Calculate the highest common divisor of 322 and 7.
7
Calculate the highest common divisor of 49 and 1421.
49
Calculate the greatest common divisor of 105 and 8235.
15
Calculate the highest common factor of 272 and 16.
16
What is the greatest common divisor of 212 and 36252?
212
What is the greatest common divisor of 8 and 2366?
2
What is the highest common factor of 29 and 8149?
29
Calculate the highest common divisor of 3094 and 910.
182
Calculate the highest common divisor of 6363 and 189.
63
Calculate the highest common divisor of 24 and 2496.
24
What is the highest common factor of 3159 and 13?
13
What is the highest common factor of 7860 and 25?
5
What is the highest common factor of 11810 and 10?
10
Calculate the highest common divisor of 14 and 6881.
7
What is the highest common factor of 12 and 1686?
6
What is the highest common factor of 198 and 24?
6
What is the highest common factor of 91 and 117?
13
Calculate the greatest common factor of 6 and 366.
6
Calculate the greatest common factor of 8216 and 104.
104
What is the greatest common divisor of 29715 and 21?
21
What is the greatest common divisor of 23576 and 8?
8
What is the greatest common factor of 756 and 21?
21
What is the highest common divisor of 2004 and 588?
12
What is the highest common factor of 1775 and 50?
25
Calculate the highest common divisor of 27 and 5949.
9
Calculate the highest common factor of 11687 and 93.
31
Calculate the highest common divisor of 856 and 27178.
214
Calculate the highest common factor of 480 and 768.
96
What is the highest common factor of 11292 and 24?
12
What is the greatest common factor of 2136 and 24?
24
What is the highest common divisor of 18 and 42?
6
What is the highest common divisor of 671 and 61?
61
What is the greatest common divisor of 611 and 91?
13
What is the greatest common divisor of 108 and 31671?
27
What is the greatest common factor of 420 and 238?
14
What is the greatest common divisor of 1664 and 13?
13
Calculate the greatest common divisor of 490 and 210.
70
Calculate the greatest common divisor of 14 and 3521.
7
What is the highest common factor of 105 and 420?
105
What is the greatest common divisor of 245 and 5?
5
Calculate the highest common divisor of 15 and 483.
3
What is the greatest common divisor of 242 and 154?
22
What is the greatest common divisor of 1054 and 992?
62
What is the greatest common divisor of 138 and 5037?
69
Calculate the greatest common divisor of 244 and 28.
4
Calculate the greatest common divisor of 714 and 84.
42
What is the highest common factor of 1991 and 11?
11
What is the highest common divisor of 135 and 54?
27
What is the greatest common factor of 50 and 11?
1
Calculate the greatest common divisor of 95 and 50.
5
What is the highest common divisor of 122 and 2257?
61
Calculate the highest common factor of 1272 and 156.
12
Calculate the greatest common divisor of 533 and 12.
1
Calculate the greatest common divisor of 31 and 7843.
31
Calculate the greatest common factor of 4180 and 7220.
380
What is the highest common divisor of 537 and 6?
3
Calculate the highest common factor of 1736 and 112.
56
What is the highest common factor of 26 and 871?
13
Calculate the greatest common divisor of 246 and 6.
6
Calculate the highest common divisor of 189 and 14.
7
What is the greatest common divisor of 18 and 549?
9
Calculate the highest common divisor of 60 and 440.
20
Calculate the greatest common factor of 14 and 64.
2
Calculate the greatest common divisor of 14 and 5719.
7
Calculate the greatest common factor of 1092 and 48.
12
Calculate the greatest common factor of 3 and 1137.
3
What is the greatest common divisor of 3000 and 6?
6
What is the highest common divisor of 3450 and 12?
6
Calculate the highest common divisor of 16134 and 12.
6
Calculate the highest common divisor of 112 and 48.
16
What is the greatest common divisor of 8383 and 404?
101
What is the highest common factor of 12 and 1518?
6
What is the highest common factor of 130 and 26?
26
Calculate the greatest common divisor of 107 and 88596.
107
Calculate the highest common divisor of 56 and 14.
14
What is the greatest common divisor of 19 and 20159?
19
What is the highest common factor of 108 and 2322?
54
Calculate the highest common divisor of 117 and 52.
13
Calculate the greatest common factor of 14 and 16.
2
Calculate the highest common factor of 5 and 33265.
5
What is the highest common divisor of 102 and 3162?
102
What is the highest common factor of 27 and 3114?
9
Calculate the highest common factor of 67 and 67.
67
Calculate the greatest common divisor of 111 and 57.
3
What is the greatest common divisor of 1976 and 65?
13
Calculate the greatest common divisor of 4652 and 4.
4
Calculate the highest common divisor of 22032 and 272.
272
Calculate the highest common divisor of 1005 and 6.
3
What is the highest common divisor of 54 and 3042?
18
Calculate the highest common divisor of 7895 and 5.
5
What is the greatest common divisor of 67 and 268?
67
What is the highest common factor of 17 and 289?
17
What is the highest common divisor of 55 and 135?
5
Calculate the greatest common factor of 14 and 13608.
14
What is the highest common factor of 6 and 654?
6
Calculate the greatest common factor of 6 and 11.
1
Calculate the greatest common divisor of 4 and 31.
1
What is the highest common divisor of 550 and 242?
22
What is the highest common factor of 1225 and 700?
175
What is the greatest